x**5/20 + x**4/12 + 5*x**2 + 7*x. Determine g(z).
10
Let i(u) = -26*u - 407. Let s be i(-16). Let a(p) = -p**2 + 11*p - 20. Give a(s).
-2
Suppose -2*w + 22 = -2*o, 4*o + 31 = w - o. Let b(t) = t**2 - 6*t + 8. Let a be b(6). Let r(u) = -u**3 - 5*u + 4 - u**2 + 0*u**2 + a*u**2. Determine r(w).
10
Let o(u) = 13*u**2 - 2*u - 1. Let h(k) = -2*k**2 + k. Let x(b) = -6*h(b) - o(b). What is x(-6)?
-11
Suppose -5*j + 23 = -12. Let g be j/2 + -3 + (-27)/2. Let r(u) = -u**2 - 13*u + 7. Determine r(g).
7
Let f(p) = p**2 + 7*p - 2. Let n be f(-6). Let r(x) = 23 - 28 + 12 + 4*x - 5*x. Calculate r(n).
15
Let h(o) = 273*o + 1 + 1 - 499*o + 243*o + 0. What is h(1)?
19
Let p be (-2)/4*(0 - 0). Let q(i) = -2*i**2 + i**2 - 9*i**3 - 4 + 10*i**3. Calculate q(p).
-4
Let s be (-20)/(-130) - 55/(-65). Let k(d) be the first derivative of d**2/2 - 3. Give k(s).
1
Let f(a) = a + 4. Let z be (-2)/6*(-11 - 1). Suppose -z*d - 9 = -21. Let w be -2 + d + 1 - 7. Give f(w).
-1
Let x(a) = -a**2 - 3*a - 2. Let f be (12 + -3 - 3)*2. Let h = -12 + f. Suppose h = -2*y + y - 2, -5*n + 2*y = 21. Determine x(n).
-12
Suppose 5*y - 2*p = 20, -3*p = y - 6*y + 25. Suppose -y*z - 3 + 1 = 0. Let h(n) = n**2 - n - 1. Determine h(z).
1
Let y = 44 - 54. Let f be (4 + y)*4/3. Let m(x) = -x - 15. Determine m(f).
-7
Let z(l) = l**2 + 12*l + 7. Suppose -2*k = k + 15, -x - 3*k - 26 = 0. Calculate z(x).
-4
Let k(a) = -2*a**2 - 4*a - 5. Suppose 12*t + 12 = 9*t. Determine k(t).
-21
Suppose 67*u - 61*u + 18 = 0. Let s(y) = -3*y + 4. Let c(w) = -3*w + 5. Let k(v) = u*s(v) + 2*c(v). What is k(-3)?
-11
Let i(z) be the third derivative of -z**5/60 - z**4/4 - 4*z**3/3 - 16*z**2. Suppose 0 = 3*j - 2*j. Suppose 2*l - 2*w + 3*w + 13 = 0, w + 1 = j. What is i(l)?
-8
Let u(z) = z**3 - z**2 - 3*z - 1. Let p(x) = -3*x**3 + 3*x**2 + 9*x + 2. Let a(y) = 4*p(y) + 11*u(y). Give a(3).
-12
Suppose y = 51*r - 50*r + 9, 43 = -4*r - 3*y. Let x(k) = -2*k**2 - 19*k + 4. Determine x(r).
-6
Let t = 260 - 256. Let p(z) be the first derivative of 7 - 2*z**2 + z**3 - 1/4*z**4 + t*z. Determine p(3).
-8
Let u(x) = -18*x**3 - 1. Let m(i) be the first derivative of -i**4/4 - 17*i**3/3 + 17*i**2/2 - 19*i + 16. Let o be m(-18). Calculate u(o).
17
Let c be (-4)/(-3)*6/4. Let p = -8 - -12. Let z be p*((-2)/c)/(-2). Let n(s) = -2*s**2 - 2*s + 3. What is n(z)?
-9
Let l(d) = -5*d + 50. Let n(h) = 2*h - 25. Let f(u) = 4*l(u) + 9*n(u). Give f(-12).
-1
Let w(s) = s**3 - 4. Let g be w(-3). Let h = g - -33. Let m(q) = -h + 1 + q**2 - 6*q**2. Calculate m(1).
-6
Let u(s) = 22*s + 187. Let c be u(-8). Let x(l) = l**3 - 12*l**2 + 9*l + 11. What is x(c)?
-11
Suppose -4*u - 24 = -16*u. Let l(d) = -u - 13*d + 25*d - 7*d - d**2. Determine l(6).
-8
Let y(q) be the second derivative of 0 - 1/6*q**3 - 4*q + 3*q**2. Determine y(6).
0
Let t(q) = 4*q + 5. Let p = -784 + 790. What is t(p)?
29
Let g(y) = 2*y**3 - 2*y**2 + 1. Let l(i) = i**2 + 1. Let s(w) = w**3 + 6*w**2 + 3. Let b(n) = -2*l(n) + s(n). Let v be b(-4). Calculate g(v).
1
Let q be 21/7 + -3*(-3)/3. Let w(j) = j - 9. Determine w(q).
-3
Let q(b) = 24*b**2 - 39*b + 7. Let a(w) = -11*w**2 + 19*w - 4. Let g(l) = -13*a(l) - 6*q(l). Give g(-11).
32
Let w = 262 + -263. Let l(t) = 14*t + 1. What is l(w)?
-13
Let q(s) = -6*s - 1 - s**2 + 3 - 1 + 0*s**2 - 5. Calculate q(-4).
4
Suppose m - 7 + 12 = -3*h, 3*m = -3*h - 3. Let z(g) = -3*g**2 + g. Calculate z(h).
-14
Let l(m) = -3*m - 17. Let n(z) = z. Let d(i) = -l(i) - 6*n(i). Calculate d(8).
-7
Let u(n) be the third derivative of -n**5/60 - 11*n**4/24 - 5*n**3 + 180*n**2. Give u(-9).
-12
Let p(t) = t**2 + 3*t - 3. Suppose -l = -f - 1, 4*l + 2*f - 16 = 3*f. Suppose z + z + l*r = 4, 2*r - 1 = -z. Determine p(z).
-3
Suppose -2*v + h + 4 = 0, -86*h + 6 = 3*v - 82*h. Let y(f) be the second derivative of -f**v + 0 - 1/20*f**5 + 1/6*f**3 + 0*f**4 + 12*f. Calculate y(-2).
4
Let i(r) = 68*r**2 - 6*r + 3 + 0 - 67*r**2. Let j(o) = 11*o - 10 - 7*o + 0*o. Let x be j(4). Determine i(x).
3
Suppose -7*y = -8*y + 2. Let b(c) = -3*c + 3*c**y + 4*c + 3 - 3*c. Determine b(2).
11
Suppose 25*a - 92 + 17 = 0. Let m(j) = -1 + 133*j - a - 1 - 131*j. Let r be 4/(-14) + (-74)/(-14). Calculate m(r).
5
Suppose -5*n + 0*n = 40. Let o be (-2)/(-1)*n/16. Let y(p) = -7*p. Calculate y(o).
7
Let d(b) = b**3 - 7*b**2 + 7*b + 2. Suppose 0 = -x - 20*x + 105. What is d(x)?
-13
Let j(n) = -6*n + 1. Let v be j(1). Let z(f) be the third derivative of -f**5/60 - 5*f**4/24 - f**3/3 - 25*f**2. Determine z(v).
-2
Let z(m) = m**2 + 7*m + 4. Suppose 5*y - 4*y - 5*l + 15 = 0, y - 4*l = -13. Calculate z(y).
-6
Let t(g) be the third derivative of -g**5/60 + 5*g**4/24 - 5*g**3/2 - 203*g**2. Give t(2).
-9
Let d(b) = 150*b**2 - b**3 + 12*b - 14*b - 161*b**2 - 14 + 6. Calculate d(-11).
14
Suppose 4*g - 39 = g. Let d be (7 - g)*(-1)/3. Let a = d + 1. Let r(k) = 4*k - 3. Calculate r(a).
9
Let q(o) = -o - 2. Let p(h) = -3*h - 4. Let d(y) = -p(y) + 2*q(y). Give d(-5).
-5
Let g(d) = 2 - 30*d + 11*d + 2*d + 4*d + 12*d. Give g(0).
2
Let p(i) = i + 20. Suppose -53*r - 120 = -45*r. Give p(r).
5
Let p be (-16)/(-7*1/(-28)*-4). Let t(a) = a**2 - 16*a - 22. What is t(p)?
-22
Let x(d) be the third derivative of d**6/180 - d**5/60 + 3*d**4/4 - 20*d**2. Let h(c) be the second derivative of x(c). Determine h(2).
6
Let c(j) = j**3 + 2*j**2 - 6*j - 6. Let f be -3 + (-24)/(-15) + (-9)/15. Let g be (-15 - -18)/(22/(-8) - f). What is c(g)?
-14
Let a = 133 - 170. Let s = -42 - a. Let v(l) = l**2 + 7*l - 2. What is v(s)?
-12
Let p(s) = -s**2 - 10*s + 11. Let t be p(-11). Let x(c) = -c**3 - c**2 - c - 2. Give x(t).
-2
Let m(k) = -k**3 + k - 4*k**2 + 0*k - 5512 + 5515 + 3*k. Give m(-5).
8
Let p(j) be the third derivative of j**5/60 + 7*j**4/8 + 43*j**3/6 + 725*j**2. What is p(-19)?
5
Let q(x) = 3*x + 17. Let i be q(-5). Let v be i*-2 - (-15 + 0). Let g(u) = -u + 9. Give g(v).
-2
Let o(b) = 3*b - 3. Let c(j) = -3*j**2 - 51*j - 24. Let d be c(-16). Let w = d + -27. Calculate o(w).
-12
Let w(q) = 28*q + 3 - 50*q + 20*q. Give w(-3).
9
Let v(c) = 19*c + 2. Let u(d) = 32*d + 3. Let k(m) = -3*u(m) + 5*v(m). Suppose -2*t = 3*t - 15. Calculate k(t).
-2
Let u(l) = l**3 + 5*l**2 - 9*l + 2. Let d(h) = h - 1. Let c(g) = -3*d(g) - u(g). Suppose 6*w - 7*w = -3*z - 6, 4 = -z. Calculate c(w).
1
Suppose 10*c - 2 = 18. Let f(a) = -4 + 4*a - a - c*a. Let t(p) = p**3 + 6*p**2 + 5*p + 7. Let w be t(-5). Calculate f(w).
3
Let s(l) = 5*l**3 + 2*l + 1. Let j(b) = 24*b**3 - 6*b**2 + 18*b + 10. Let w(z) = -j(z) + 5*s(z). What is w(-6)?
43
Suppose -4*q + 6 + 15 = -z, -5*q = 2*z - 23. Let c(y) = -2*y + 1. Calculate c(z).
3
Let a(f) = 2*f**2 + 3*f - 3. Suppose -4 = -2*p + 10. Let g(o) = -o**3 + 6*o**2 + 7*o - 3. Let k be g(p). Calculate a(k).
6
Let d(q) = 2*q + 7. Let r be 4/26 - (-558)/(-78). Let u be d(r). Let v(p) = -p**3 - 8*p**2 - 8*p - 7. Calculate v(u).
0
Let g(s) = 1 - 20*s + 7*s + 3*s. Give g(-3).
31
Let i(n) = -n**3 - 18*n**2 - 18*n + 6. Let m be i(-17). Let k(v) = -23*v**3 - 2*v**2 + 1. Let g be k(1). Let u = m + g. Let b(w) = -w. Calculate b(u).
1
Let s(f) be the first derivative of -3*f + 5/2*f**2 - 10. Let j(o) = -o**3 + 6*o**2 - 6*o + 8. Let z be j(5). Determine s(z).
12
Let j(u) = u + 9 - 35*u**2 - 1 + 36*u**2 - 6. Let k(f) = -f**3 - 7*f**2 - 8*f - 8. Let i be k(-6). Give j(i).
22
Let t = 21 - 24. Let d(c) = -c**3 - 2*c**2 + 2*c - 1. Let z be d(t). Let i(o) = -o**2 + 4*o. Calculate i(z).
4
Let p(w) = -w**2 - 5*w - 3. Let b(g) = -g**3 + 7*g**2 - 5*g - 14. Let m be b(6). What is p(m)?
-27
Let f(p) be the third derivative of -p**7/840 + p**6/60 + p**5/15 - p**4/4 - 7*p**3/3 - 14*p**2. Let h(x) be the first derivative of f(x). What is h(7)?
1
Let w = -21 - -23. Let y(l) = 2 - 2 + w - 1 + 2*l. What is y(3)?
7
Let t be (-3)/2*6/(-9). Suppose -5*q = -j - t, j + 1 + 1 = 4*q. Let y(l) be the third derivative of -l**4/24 + 2*l**3/3 - 5*l**2. Calculate y(j).
10
Let d = -57 - -74. Suppose d*m - 10 = 19*m. Let s(c) = 2*c - 5. Calculate s(m).
-15
Suppose 3*d - 17 = w, -d + 15 = w + 20. Let g(v) = 3*v**2 - 7*v + 10. Let i(x) = -2*x**2 + 7*x - 9. Let s(k) = -3*g(k) - 4*i(k). Give s(w).
-2
Let i be (2 + 2 - 775/225)*9. Let o(p) = p**3 - 4*p**2 - 6*p + 4. What is o(i)?
-1
Let t(d) = -20*d**2 - 3*d - 2. Let y(h) = 52*h**2 - 2*h + 56*h**2 - 1 - 129*h**2. Let v(x) = -2*t